e prime factors of 2891218206.
2, 3, 481869701
What are the prime factors of 542114351?
419, 1293829
What are the prime factors of 53636423?
6983, 7681
What are the prime factors of 13457720?
2, 5, 31, 10853
List the prime factors of 2455270858.
2, 19, 653, 98947
What are the prime factors of 1061958398?
2, 530979199
What are the prime factors of 763739966?
2, 11, 34715453
List the prime factors of 1524305049.
3, 508101683
List the prime factors of 288379525.
5, 7, 877, 1879
What are the prime factors of 40699625?
5, 325597
List the prime factors of 222322002.
2, 3, 7, 19, 23, 12113
List the prime factors of 88038788.
2, 1021, 21557
List the prime factors of 74840890.
2, 5, 7484089
List the prime factors of 232838429.
232838429
What are the prime factors of 5318968?
2, 59, 191
List the prime factors of 5850386.
2, 2925193
List the prime factors of 138362876.
2, 137, 163, 1549
What are the prime factors of 1025511950?
2, 5, 20510239
What are the prime factors of 35127667?
35127667
List the prime factors of 4435175804.
2, 89, 12458359
What are the prime factors of 128652469?
11, 11695679
List the prime factors of 65582127.
3, 13, 560531
List the prime factors of 482388883.
163, 383, 7727
List the prime factors of 654737484.
2, 3, 31, 1760047
List the prime factors of 119304654.
2, 3, 7, 61, 46567
What are the prime factors of 17414121?
3, 5804707
List the prime factors of 2212724543.
19301, 114643
List the prime factors of 409499009.
17, 83, 290219
What are the prime factors of 20853034?
2, 73, 233, 613
What are the prime factors of 479582168?
2, 13, 1093, 4219
What are the prime factors of 2827111?
7, 131, 3083
List the prime factors of 2745571414.
2, 43, 3137, 10177
List the prime factors of 48431345.
5, 79, 122611
What are the prime factors of 31744197?
3, 1175711
What are the prime factors of 2472626744?
2, 7, 17, 2597297
List the prime factors of 357949846.
2, 178974923
What are the prime factors of 1866580779?
3, 7, 193, 460543
What are the prime factors of 95068260?
2, 3, 5, 7, 197, 383
List the prime factors of 391836270.
2, 3, 5, 7, 1865887
What are the prime factors of 679739545?
5, 135947909
What are the prime factors of 23491585?
5, 13, 361409
What are the prime factors of 25577810?
2, 5, 2557781
What are the prime factors of 1442943013?
1442943013
What are the prime factors of 19860173?
19860173
List the prime factors of 104795804.
2, 61, 311, 1381
What are the prime factors of 1910998036?
2, 19, 29, 867059
What are the prime factors of 137751029?
13, 2617, 4049
What are the prime factors of 857543467?
11, 71, 83, 13229
List the prime factors of 7768168162.
2, 523, 7426547
What are the prime factors of 96245075?
5, 17, 433, 523
What are the prime factors of 3506616?
2, 3, 113, 431
What are the prime factors of 102137314?
2, 41, 97, 12841
What are the prime factors of 105169008?
2, 3, 7, 313003
List the prime factors of 3376562088.
2, 3, 751, 187337
What are the prime factors of 71057124?
2, 3, 337, 5857
List the prime factors of 6277565626.
2, 3138782813
What are the prime factors of 279621316?
2, 13, 61, 6781
What are the prime factors of 320779521?
3, 127, 31183
What are the prime factors of 3973880363?
281, 2861, 4943
List the prime factors of 287953438.
2, 143976719
What are the prime factors of 999195136?
2, 1951553
List the prime factors of 19399117.
71, 199, 1373
What are the prime factors of 1111582372?
2, 277895593
What are the prime factors of 476084342?
2, 97, 2454043
What are the prime factors of 95854100?
2, 5, 958541
List the prime factors of 604266148.
2, 151066537
List the prime factors of 893227331.
61, 14643071
What are the prime factors of 285955272?
2, 3, 607, 727
List the prime factors of 527380783.
17, 1824847
What are the prime factors of 309139990?
2, 5, 53, 467, 1249
What are the prime factors of 97175659?
7, 53, 103, 2543
List the prime factors of 150595393.
13, 373, 2389
What are the prime factors of 102100435?
5, 607, 33641
What are the prime factors of 115515579?
3, 31, 1242103
What are the prime factors of 455045279?
13, 1223, 28621
What are the prime factors of 193148019?
3, 2161, 9931
List the prime factors of 42842118.
2, 3, 11, 649123
What are the prime factors of 708679747?
31, 22860637
List the prime factors of 478317894.
2, 3, 19, 4195771
List the prime factors of 5810846610.
2, 3, 5, 71, 2728097
What are the prime factors of 71142335?
5, 11, 23, 56239
List the prime factors of 556096389.
3, 19, 797, 12241
What are the prime factors of 2392637007?
3, 797545669
What are the prime factors of 146260200?
2, 3, 5, 43, 5669
What are the prime factors of 2817810530?
2, 5, 7577, 37189
What are the prime factors of 869901389?
7, 383, 324469
List the prime factors of 2360188629.
3, 262243181
List the prime factors of 6960030317.
31, 41, 137, 39971
List the prime factors of 65909250.
2, 3, 5, 11, 2663
What are the prime factors of 4976136022?
2, 11, 13, 463, 37579
What are the prime factors of 192357298?
2, 7, 3217, 4271
What are the prime factors of 683604009?
3, 11, 113, 20369
What are the prime factors of 4306459598?
2, 7, 307604257
List the prime factors of 5642587457.
13, 3301, 131489
List the prime factors of 25832696.
2, 587, 5501
What are the prime factors of 68174865?
3, 5, 11, 5101
What are the prime factors of 46691480?
2, 5, 11, 877
What are the prime factors of 449200596?
2, 3, 13, 2879491
What are the prime factors of 63972427?
109, 586903
List the prime factors of 649133285.
5, 613, 211789
List the prime factors of 904034654.
2, 107, 4224461
List the prime factors of 6641688796.
2, 727, 2283937
List the prime factors of 31477775.
5, 7, 19, 9467
List the prime factors of 1978763754.
2, 3, 11, 29981269
List the prime factors of 2133811680.
2, 3, 5, 7, 11, 13, 4441
List the prime factors of 3902638313.
7, 4517, 123427
List the prime factors of 3027267347.
13, 232866719
What are the prime factors of 5640186509?
17, 331775677
List the prime factors of 5840419979.
5840419979
What are the prime factors of 5440097721?
3, 631, 2873797
What are the prime factors of 1148539273?
7, 41, 81671
List the prime factors of 100194520.
2, 5, 37, 67699
What are the prime factors of 256563500?
2, 5, 131, 3917
What are the prime factors of 42368632?
2, 19, 278741
List the prime factors of 38437312.
2, 127, 4729
What are the prime factors of 419736410?
2, 5, 19, 163, 13553
List the prime factors of 211551971.
211551971
List the prime factors of 88471039.
683, 129533
List the prime factors of 502138619.
197, 2548927
What are the prime factors of 114645408?
2, 3, 47, 25409
List the prime factors of 2136147648.
2, 3, 17, 359, 1823
What are the prime factors of 1284063977?
7, 183437711
List the prime factors of 109693810.
2, 5, 31, 431, 821
List the prime factors of 1397045570.
2, 5, 131, 1066447
What are the prime factors of 341887231?
7, 48841033
List the prime factors of 2955061897.
2955061897
List the prime factors of 16531305.
3, 5, 7, 29, 61, 89
What are the prime factors of 44879434?
2, 22439717
List the prime factors of 153190791.
3, 13, 17, 25673
What are the prime factors of 140367040?
2, 5, 11, 39877
List the prime factors of 30973192.
2, 19, 203771
List the prime factors of 95902469.
13, 71, 103903
List the prime factors of 4376962716.
2, 3, 7, 163, 319673
What are the prime factors of 35295387?
3, 1579, 7451
What are the prime factors of 59177945?
5, 53, 223313
List the prime factors of 229047623.
7, 31, 79, 431
List the prime factors of 43376374.
2, 21688187
What are the prime factors of 80966459?
7, 61, 189617
What are the prime factors of 3792421914?
2, 3, 17, 37180607
What are the prime factors of 93089469?
3, 11, 47, 1277
What are the prime factors of 82921392?
2, 3, 179, 3217
List the prime factors of 4933527.
3, 139, 11831
List the prime factors of 1894687963.
7, 270669709
List the prime factors of 41704931.
41704931
What are the prime factors of 5081406643?
5081406643
What are the prime factors of 9301340?
2, 5, 465067
List the prime factors of 1052003042.
2, 31, 53, 389, 823
List the prime factors of 448722898.
2, 13, 409, 42197
List the prime factors of 30799637.
11, 2799967
List the prime factors of 56011694.
2, 28005847
What are the prime factors of 3812430711?
3, 23, 193, 353, 811
What are